{"id":4361,"date":"2022-05-16T14:31:34","date_gmt":"2022-05-16T12:31:34","guid":{"rendered":"https:\/\/flamenco-geneve.ch\/?page_id=4361"},"modified":"2024-02-26T23:53:00","modified_gmt":"2024-02-26T21:53:00","slug":"classes","status":"publish","type":"page","link":"https:\/\/flamenco-geneve.ch\/?page_id=4361","title":{"rendered":"Nos formations"},"content":{"rendered":"\t\t<div data-elementor-type=\"wp-page\" data-elementor-id=\"4361\" class=\"elementor elementor-4361\" data-elementor-post-type=\"page\">\n\t\t\t\t\t\t<section class=\"elementor-section elementor-top-section elementor-element elementor-element-2cf6860 elementor-section-stretched elementor-section-boxed elementor-section-height-default elementor-section-height-default\" data-id=\"2cf6860\" data-element_type=\"section\" data-settings=\"{&quot;stretch_section&quot;:&quot;section-stretched&quot;}\">\n\t\t\t\t\t\t<div class=\"elementor-container elementor-column-gap-default\">\n\t\t\t\t\t<div class=\"elementor-column elementor-col-100 elementor-top-column elementor-element elementor-element-e6f6caa\" data-id=\"e6f6caa\" data-element_type=\"column\">\n\t\t\t<div class=\"elementor-widget-wrap elementor-element-populated\">\n\t\t\t\t\t\t<div class=\"elementor-element elementor-element-974ac48 elementor-widget elementor-widget-spacer\" data-id=\"974ac48\" data-element_type=\"widget\" data-widget_type=\"spacer.default\">\n\t\t\t\t<div class=\"elementor-widget-container\">\n\t\t\t\t\t\t\t<div class=\"elementor-spacer\">\n\t\t\t<div class=\"elementor-spacer-inner\"><\/div>\n\t\t<\/div>\n\t\t\t\t\t\t<\/div>\n\t\t\t\t<\/div>\n\t\t\t\t\t<\/div>\n\t\t<\/div>\n\t\t\t\t\t<\/div>\n\t\t<\/section>\n\t\t\t\t<section class=\"elementor-section elementor-top-section elementor-element elementor-element-6d49c4d elementor-section-full_width elementor-section-height-default elementor-section-height-default\" data-id=\"6d49c4d\" data-element_type=\"section\">\n\t\t\t\t\t\t<div class=\"elementor-container elementor-column-gap-default\">\n\t\t\t\t\t<div class=\"elementor-column elementor-col-100 elementor-top-column elementor-element elementor-element-14693cc\" data-id=\"14693cc\" data-element_type=\"column\">\n\t\t\t<div class=\"elementor-widget-wrap elementor-element-populated\">\n\t\t\t\t\t\t<div class=\"elementor-element elementor-element-b910527 elementor--h-position-center elementor--v-position-middle elementor-arrows-position-inside elementor-pagination-position-inside elementor-widget elementor-widget-slides\" data-id=\"b910527\" data-element_type=\"widget\" data-settings=\"{&quot;navigation&quot;:&quot;both&quot;,&quot;autoplay&quot;:&quot;yes&quot;,&quot;pause_on_hover&quot;:&quot;yes&quot;,&quot;pause_on_interaction&quot;:&quot;yes&quot;,&quot;autoplay_speed&quot;:5000,&quot;infinite&quot;:&quot;yes&quot;,&quot;transition&quot;:&quot;slide&quot;,&quot;transition_speed&quot;:500}\" data-widget_type=\"slides.default\">\n\t\t\t\t<div class=\"elementor-widget-container\">\n\t\t\t\t\t\t\t\t\t<div class=\"elementor-swiper\">\n\t\t\t\t\t<div class=\"elementor-slides-wrapper elementor-main-swiper swiper\" role=\"region\" aria-roledescription=\"carousel\" aria-label=\"Diapositives\" dir=\"ltr\" data-animation=\"fadeInUp\">\n\t\t\t\t<div class=\"swiper-wrapper elementor-slides\">\n\t\t\t\t\t\t\t\t\t\t<div class=\"elementor-repeater-item-7fd3a6a swiper-slide\" role=\"group\" aria-roledescription=\"slide\"><div class=\"swiper-slide-bg elementor-ken-burns elementor-ken-burns--in\" role=\"img\" aria-label=\"Orange et Vert Minimaliste D\u00e9grad\u00e9 Pens\u00e9e strat\u00e9gique Formation Diaporama vid\u00e9o (3)\"><\/div><div class=\"swiper-slide-inner\" ><div class=\"swiper-slide-contents\"><div class=\"elementor-slide-heading\">Nos formations<\/div><div class=\"elementor-slide-description\">Le Flamenco est un art complexe et multidisciplinaire. Que tu sois plut\u00f4t danse, percussions, chant ou guitare, tu trouveras ici ton bonheur quelque soit ton niveau.<\/div><\/div><\/div><\/div>\t\t\t\t<\/div>\n\t\t\t\t\t\t\t<\/div>\n\t\t\t\t<\/div>\n\t\t\t\t\t\t\t\t<\/div>\n\t\t\t\t<\/div>\n\t\t\t\t<div class=\"elementor-element elementor-element-b4906d5 elementor-tabs-view-horizontal elementor-widget elementor-widget-tabs\" data-id=\"b4906d5\" data-element_type=\"widget\" data-widget_type=\"tabs.default\">\n\t\t\t\t<div class=\"elementor-widget-container\">\n\t\t\t\t\t\t\t<div class=\"elementor-tabs\">\n\t\t\t<div class=\"elementor-tabs-wrapper\" role=\"tablist\" >\n\t\t\t\t\t\t\t\t\t<div id=\"elementor-tab-title-1891\" class=\"elementor-tab-title elementor-tab-desktop-title\" aria-selected=\"true\" data-tab=\"1\" role=\"tab\" tabindex=\"0\" aria-controls=\"elementor-tab-content-1891\" aria-expanded=\"false\">Danse adultes & ados\u200b<\/div>\n\t\t\t\t\t\t\t\t\t<div id=\"elementor-tab-title-1892\" class=\"elementor-tab-title elementor-tab-desktop-title\" aria-selected=\"false\" data-tab=\"2\" role=\"tab\" tabindex=\"-1\" aria-controls=\"elementor-tab-content-1892\" aria-expanded=\"false\">Danse enfants\u200b<\/div>\n\t\t\t\t\t\t\t\t\t<div id=\"elementor-tab-title-1893\" class=\"elementor-tab-title elementor-tab-desktop-title\" aria-selected=\"false\" data-tab=\"3\" role=\"tab\" tabindex=\"-1\" aria-controls=\"elementor-tab-content-1893\" aria-expanded=\"false\">Ateliers<\/div>\n\t\t\t\t\t\t\t\t\t<div id=\"elementor-tab-title-1894\" class=\"elementor-tab-title elementor-tab-desktop-title\" aria-selected=\"false\" data-tab=\"4\" role=\"tab\" tabindex=\"-1\" aria-controls=\"elementor-tab-content-1894\" aria-expanded=\"false\">Stages<\/div>\n\t\t\t\t\t\t\t<\/div>\n\t\t\t<div class=\"elementor-tabs-content-wrapper\" role=\"tablist\" aria-orientation=\"vertical\">\n\t\t\t\t\t\t\t\t\t<div class=\"elementor-tab-title elementor-tab-mobile-title\" aria-selected=\"true\" data-tab=\"1\" role=\"tab\" tabindex=\"0\" aria-controls=\"elementor-tab-content-1891\" aria-expanded=\"false\">Danse adultes & ados\u200b<\/div>\n\t\t\t\t\t<div id=\"elementor-tab-content-1891\" class=\"elementor-tab-content elementor-clearfix\" data-tab=\"1\" role=\"tabpanel\" aria-labelledby=\"elementor-tab-title-1891\" tabindex=\"0\" hidden=\"false\"><p>Entre 60 et 90 minutes.<\/p><p><span style=\"background-color: var(--nv-site-bg); color: var( --e-global-color-text ); font-family: var( --e-global-typography-text-font-family ), Sans-serif; font-size: var(--bodyfontsize); font-weight: var( --e-global-typography-text-font-weight ); letter-spacing: var(--bodyletterspacing); text-transform: var(--bodytexttransform);\">Apr\u00e8s un \u00e9chauffement complet, les cours hebdomadaires combinent technique du <i>zapateado<\/i> (frappe de pieds), posture du corps et bras ainsi qu&rsquo;une chor\u00e9graphie compl\u00e8te.<\/span><\/p><p><span style=\"background-color: var(--nv-site-bg); color: var( --e-global-color-text ); font-family: var( --e-global-typography-text-font-family ), Sans-serif; font-size: var(--bodyfontsize); font-weight: var( --e-global-typography-text-font-weight ); letter-spacing: var(--bodyletterspacing); text-transform: var(--bodytexttransform);\">Professeur : Antonio Perujo<\/span><\/p><\/div>\n\t\t\t\t\t\t\t\t\t<div class=\"elementor-tab-title elementor-tab-mobile-title\" aria-selected=\"false\" data-tab=\"2\" role=\"tab\" tabindex=\"-1\" aria-controls=\"elementor-tab-content-1892\" aria-expanded=\"false\">Danse enfants\u200b<\/div>\n\t\t\t\t\t<div id=\"elementor-tab-content-1892\" class=\"elementor-tab-content elementor-clearfix\" data-tab=\"2\" role=\"tabpanel\" aria-labelledby=\"elementor-tab-title-1892\" tabindex=\"0\" hidden=\"hidden\"><p><span style=\"text-align: center; white-space-collapse: preserve;\">50 minutes.<\/span><\/p><p><span style=\"text-align: center; white-space-collapse: preserve;\">Nous avons trois groupes d&rsquo;\u00e2ges (4-6 ans, 5-7 ans et 8-10 ans).<\/span><\/p><p><span style=\"text-align: center; white-space-collapse: preserve;\">Les cours abordent l&rsquo;\u00e9chauffement, le <\/span><i style=\"text-align: center; white-space-collapse: preserve;\">zapateado<\/i><span style=\"text-align: center; white-space-collapse: preserve;\">, une chor\u00e9graphie, le tout de mani\u00e8re ludique et adapt\u00e9e \u00e0 leur jeune \u00e2ge.<\/span><\/p><p><span style=\"text-align: center; white-space-collapse: preserve;\">Professeur : Antonio Perujo<\/span><\/p><\/div>\n\t\t\t\t\t\t\t\t\t<div class=\"elementor-tab-title elementor-tab-mobile-title\" aria-selected=\"false\" data-tab=\"3\" role=\"tab\" tabindex=\"-1\" aria-controls=\"elementor-tab-content-1893\" aria-expanded=\"false\">Ateliers<\/div>\n\t\t\t\t\t<div id=\"elementor-tab-content-1893\" class=\"elementor-tab-content elementor-clearfix\" data-tab=\"3\" role=\"tabpanel\" aria-labelledby=\"elementor-tab-title-1893\" tabindex=\"0\" hidden=\"hidden\"><p><span style=\"text-align: center;\">Un atelier est un cours NON-hebdomadaire, qui peut \u00eatre ponctuel ou r\u00e9gulier.&nbsp;<\/span><\/p>\n<p><span style=\"text-align: center;\">Dans les ateliers, nous abordons d&rsquo;autres aspects du flamenco que ceux vus en cours, nous pouvons nous consacrer plus sp\u00e9cifiquement \u00e0 un accessoire comme la&nbsp;<\/span><em style=\"text-align: center;\">bata de cola, el mant\u00f3n, el abanico, los palillos<\/em><span style=\"text-align: center;\">&nbsp;(castagnettes) ou encore s&rsquo;essayer r\u00e9guli\u00e8rement \u00e0 d&rsquo;autres pratiques qui vont compl\u00e9ter nos connaissances comme le&nbsp;<\/span><em style=\"text-align: center;\">caj\u00f3n<\/em><span style=\"text-align: center;\">&nbsp;ou le&nbsp;<\/span><em style=\"text-align: center;\">cante<\/em><span style=\"text-align: center;\">.&nbsp;<\/span><\/p>\n<p><span style=\"text-align: center;\">Il s&rsquo;agit v\u00e9ritablement de formation continue mais il n&rsquo;est pas obligatoire de suivre un cours hebdomadaire dans notre \u00e9cole pour pouvoir s&rsquo;inscrire. Ces ateliers sont ouverts \u00e0 toutes et tous suivant les niveaux mentionn\u00e9s.<\/span><\/p>\n<div><span style=\"text-align: center;\">&nbsp;Divers professeurs.<\/span><\/div><\/div>\n\t\t\t\t\t\t\t\t\t<div class=\"elementor-tab-title elementor-tab-mobile-title\" aria-selected=\"false\" data-tab=\"4\" role=\"tab\" tabindex=\"-1\" aria-controls=\"elementor-tab-content-1894\" aria-expanded=\"false\">Stages<\/div>\n\t\t\t\t\t<div id=\"elementor-tab-content-1894\" class=\"elementor-tab-content elementor-clearfix\" data-tab=\"4\" role=\"tabpanel\" aria-labelledby=\"elementor-tab-title-1894\" tabindex=\"0\" hidden=\"hidden\"><p><span style=\"text-align: center; white-space-collapse: preserve;\">Un stage se compose d&rsquo;un cours sp\u00e9cifique d&rsquo;une dur\u00e9e entre 2 et 7 jours. <\/span><span style=\"text-align: center; white-space-collapse: preserve; color: var( --e-global-color-text ); font-family: var( --e-global-typography-text-font-family ), Sans-serif; font-weight: var( --e-global-typography-text-font-weight ); background-color: var(--nv-site-bg); font-size: var(--bodyfontsize); letter-spacing: var(--bodyletterspacing); text-transform: var(--bodytexttransform);\">En g\u00e9n\u00e9ral, nous organisons des stages le temps d&rsquo;un long weekend pendant l&rsquo;ann\u00e9e scolaire et avons tendance \u00e0 proposer des stages plus cons\u00e9quents notamment pendant le mois de juillet.<\/span><\/p>\n<p><span style=\"text-align: center; white-space-collapse: preserve;\">Il est totalement ind\u00e9pendant des cours et ateliers r\u00e9guliers. C&rsquo;est l&rsquo;occasion de suivre l&rsquo;enseignement d&rsquo;un.e prof invit\u00e9.e, de se challenger. <\/span><\/p>\n<p><span style=\"text-align: center; white-space-collapse: preserve;\">Il existe des stages pour tous les niveaux.&nbsp; <\/span><\/p><p><span style=\"text-align: center; white-space-collapse: preserve;\">Divers professeurs.<\/span><\/p><\/div>\n\t\t\t\t\t\t\t<\/div>\n\t\t<\/div>\n\t\t\t\t\t\t<\/div>\n\t\t\t\t<\/div>\n\t\t\t\t\t<\/div>\n\t\t<\/div>\n\t\t\t\t\t<\/div>\n\t\t<\/section>\n\t\t\t\t<section class=\"elementor-section elementor-top-section elementor-element elementor-element-0939fe2 elementor-section-boxed elementor-section-height-default elementor-section-height-default\" data-id=\"0939fe2\" data-element_type=\"section\">\n\t\t\t\t\t\t<div class=\"elementor-container elementor-column-gap-default\">\n\t\t\t\t\t<div class=\"elementor-column elementor-col-100 elementor-top-column elementor-element elementor-element-1f902a2\" data-id=\"1f902a2\" data-element_type=\"column\">\n\t\t\t<div class=\"elementor-widget-wrap elementor-element-populated\">\n\t\t\t\t\t\t<section class=\"elementor-section elementor-inner-section elementor-element elementor-element-1f07f2c elementor-section-boxed elementor-section-height-default elementor-section-height-default\" data-id=\"1f07f2c\" data-element_type=\"section\">\n\t\t\t\t\t\t<div class=\"elementor-container elementor-column-gap-default\">\n\t\t\t\t\t<div class=\"elementor-column elementor-col-50 elementor-inner-column elementor-element elementor-element-9d7058e\" data-id=\"9d7058e\" data-element_type=\"column\">\n\t\t\t<div class=\"elementor-widget-wrap elementor-element-populated\">\n\t\t\t\t\t\t<div class=\"elementor-element elementor-element-df01501 elementor-align-center elementor-widget elementor-widget-button\" data-id=\"df01501\" data-element_type=\"widget\" data-widget_type=\"button.default\">\n\t\t\t\t<div class=\"elementor-widget-container\">\n\t\t\t\t\t\t\t\t\t<div class=\"elementor-button-wrapper\">\n\t\t\t\t\t<a class=\"elementor-button elementor-button-link elementor-size-md\" href=\"https:\/\/flamenco-geneve.ch\/?page_id=4491\">\n\t\t\t\t\t\t<span class=\"elementor-button-content-wrapper\">\n\t\t\t\t\t\t\t\t\t<span class=\"elementor-button-text\">ATELIERS<\/span>\n\t\t\t\t\t<\/span>\n\t\t\t\t\t<\/a>\n\t\t\t\t<\/div>\n\t\t\t\t\t\t\t\t<\/div>\n\t\t\t\t<\/div>\n\t\t\t\t\t<\/div>\n\t\t<\/div>\n\t\t\t\t<div class=\"elementor-column elementor-col-50 elementor-inner-column elementor-element elementor-element-5df7886\" data-id=\"5df7886\" data-element_type=\"column\">\n\t\t\t<div class=\"elementor-widget-wrap elementor-element-populated\">\n\t\t\t\t\t\t<div class=\"elementor-element elementor-element-5080ec1 elementor-align-center elementor-widget elementor-widget-button\" data-id=\"5080ec1\" data-element_type=\"widget\" data-widget_type=\"button.default\">\n\t\t\t\t<div class=\"elementor-widget-container\">\n\t\t\t\t\t\t\t\t\t<div class=\"elementor-button-wrapper\">\n\t\t\t\t\t<a class=\"elementor-button elementor-button-link elementor-size-md\" href=\"https:\/\/flamenco-geneve.ch\/?page_id=4678\">\n\t\t\t\t\t\t<span class=\"elementor-button-content-wrapper\">\n\t\t\t\t\t\t\t\t\t<span class=\"elementor-button-text\">STAGES<\/span>\n\t\t\t\t\t<\/span>\n\t\t\t\t\t<\/a>\n\t\t\t\t<\/div>\n\t\t\t\t\t\t\t\t<\/div>\n\t\t\t\t<\/div>\n\t\t\t\t\t<\/div>\n\t\t<\/div>\n\t\t\t\t\t<\/div>\n\t\t<\/section>\n\t\t\t\t<div class=\"elementor-element elementor-element-36bb4e6 elementor-widget elementor-widget-spacer\" data-id=\"36bb4e6\" data-element_type=\"widget\" data-widget_type=\"spacer.default\">\n\t\t\t\t<div class=\"elementor-widget-container\">\n\t\t\t\t\t\t\t<div class=\"elementor-spacer\">\n\t\t\t<div class=\"elementor-spacer-inner\"><\/div>\n\t\t<\/div>\n\t\t\t\t\t\t<\/div>\n\t\t\t\t<\/div>\n\t\t\t\t<div class=\"elementor-element elementor-element-3cb40d1 elementor-widget elementor-widget-image\" data-id=\"3cb40d1\" data-element_type=\"widget\" data-widget_type=\"image.default\">\n\t\t\t\t<div class=\"elementor-widget-container\">\n\t\t\t\t\t\t\t\t\t\t\t\t\t\t\t<img fetchpriority=\"high\" decoding=\"async\" width=\"525\" height=\"743\" src=\"https:\/\/flamenco-geneve.ch\/wp-content\/uploads\/2024\/02\/Document-A4-Planning-Mariage-Floral-Vert-3-724x1024.png\" class=\"attachment-large size-large wp-image-6623\" alt=\"\" srcset=\"https:\/\/flamenco-geneve.ch\/wp-content\/uploads\/2024\/02\/Document-A4-Planning-Mariage-Floral-Vert-3-724x1024.png 724w, https:\/\/flamenco-geneve.ch\/wp-content\/uploads\/2024\/02\/Document-A4-Planning-Mariage-Floral-Vert-3-212x300.png 212w, https:\/\/flamenco-geneve.ch\/wp-content\/uploads\/2024\/02\/Document-A4-Planning-Mariage-Floral-Vert-3-768x1086.png 768w, https:\/\/flamenco-geneve.ch\/wp-content\/uploads\/2024\/02\/Document-A4-Planning-Mariage-Floral-Vert-3-600x849.png 600w, https:\/\/flamenco-geneve.ch\/wp-content\/uploads\/2024\/02\/Document-A4-Planning-Mariage-Floral-Vert-3-1086x1536.png 1086w, https:\/\/flamenco-geneve.ch\/wp-content\/uploads\/2024\/02\/Document-A4-Planning-Mariage-Floral-Vert-3-1320x1867.png 1320w, https:\/\/flamenco-geneve.ch\/wp-content\/uploads\/2024\/02\/Document-A4-Planning-Mariage-Floral-Vert-3.png 1414w\" sizes=\"(max-width: 525px) 100vw, 525px\" \/>\t\t\t\t\t\t\t\t\t\t\t\t\t\t\t<\/div>\n\t\t\t\t<\/div>\n\t\t\t\t<div class=\"elementor-element elementor-element-6587dd5 elementor-align-center elementor-widget elementor-widget-button\" data-id=\"6587dd5\" data-element_type=\"widget\" data-widget_type=\"button.default\">\n\t\t\t\t<div class=\"elementor-widget-container\">\n\t\t\t\t\t\t\t\t\t<div class=\"elementor-button-wrapper\">\n\t\t\t\t\t<a class=\"elementor-button elementor-button-link elementor-size-sm\" href=\"mailto:antonio.perujo@al-andalus.ch?subject=Cours%20de%20danse%20\">\n\t\t\t\t\t\t<span class=\"elementor-button-content-wrapper\">\n\t\t\t\t\t\t\t\t\t<span class=\"elementor-button-text\">Inscriptions cours de danse adultes &amp; enfants<\/span>\n\t\t\t\t\t<\/span>\n\t\t\t\t\t<\/a>\n\t\t\t\t<\/div>\n\t\t\t\t\t\t\t\t<\/div>\n\t\t\t\t<\/div>\n\t\t\t\t\t<\/div>\n\t\t<\/div>\n\t\t\t\t\t<\/div>\n\t\t<\/section>\n\t\t\t\t<\/div>\n\t\t","protected":false},"excerpt":{"rendered":"<p>Nos formationsLe Flamenco est un art complexe et multidisciplinaire. Que tu sois plut\u00f4t danse, percussions, chant ou guitare, tu trouveras ici ton bonheur quelque soit ton niveau. Danse adultes &#038; ados\u200b Danse enfants\u200b Ateliers Stages Danse adultes &#038; ados\u200b Entre 60 et 90 minutes. Apr\u00e8s un \u00e9chauffement complet, les cours hebdomadaires combinent technique du zapateado [&hellip;]<\/p>\n","protected":false},"author":1,"featured_media":0,"parent":0,"menu_order":0,"comment_status":"closed","ping_status":"closed","template":"elementor_header_footer","meta":{"_themeisle_gutenberg_block_has_review":false,"footnotes":""},"class_list":["post-4361","page","type-page","status-publish","hentry"],"_links":{"self":[{"href":"https:\/\/flamenco-geneve.ch\/index.php?rest_route=\/wp\/v2\/pages\/4361","targetHints":{"allow":["GET"]}}],"collection":[{"href":"https:\/\/flamenco-geneve.ch\/index.php?rest_route=\/wp\/v2\/pages"}],"about":[{"href":"https:\/\/flamenco-geneve.ch\/index.php?rest_route=\/wp\/v2\/types\/page"}],"author":[{"embeddable":true,"href":"https:\/\/flamenco-geneve.ch\/index.php?rest_route=\/wp\/v2\/users\/1"}],"replies":[{"embeddable":true,"href":"https:\/\/flamenco-geneve.ch\/index.php?rest_route=%2Fwp%2Fv2%2Fcomments&post=4361"}],"version-history":[{"count":225,"href":"https:\/\/flamenco-geneve.ch\/index.php?rest_route=\/wp\/v2\/pages\/4361\/revisions"}],"predecessor-version":[{"id":6660,"href":"https:\/\/flamenco-geneve.ch\/index.php?rest_route=\/wp\/v2\/pages\/4361\/revisions\/6660"}],"wp:attachment":[{"href":"https:\/\/flamenco-geneve.ch\/index.php?rest_route=%2Fwp%2Fv2%2Fmedia&parent=4361"}],"curies":[{"name":"wp","href":"https:\/\/api.w.org\/{rel}","templated":true}]}}